{"id":21,"date":"2017-02-10T19:05:50","date_gmt":"2017-02-10T19:05:50","guid":{"rendered":"https:\/\/centro-eclin.com.ar\/?page_id=21"},"modified":"2021-06-25T16:08:11","modified_gmt":"2021-06-25T16:08:11","slug":"asesorias","status":"publish","type":"page","link":"https:\/\/centro-eclin.com.ar\/?page_id=21","title":{"rendered":"Asesor\u00edas"},"content":{"rendered":"<p>Evaluar factibilidad regulatoria de nuevos proyectos, transferencias y desarrollos<\/p>\n<p>Registro de Especialidades Medicinales: Enfoque y estrategia<\/p>\n<p>Confecci\u00f3n de racionales<\/p>\n<p>Bioequivalencias del exterior<\/p>\n<p>Cambios post registro<\/p>\n<p>Equivalencias in vitro<\/p>\n<p>Bioexenciones<\/p>\n<p>Redacci\u00f3n de trabajos para su publicaci\u00f3n<\/p>\n","protected":false},"excerpt":{"rendered":"<p>Evaluar factibilidad regulatoria de nuevos proyectos, transferencias y desarrollos Registro de Especialidades Medicinales: Enfoque y estrategia Confecci\u00f3n de racionales Bioequivalencias del exterior Cambios post registro Equivalencias in vitro Bioexenciones Redacci\u00f3n de trabajos para su publicaci\u00f3n<\/p>\n","protected":false},"author":1,"featured_media":264,"parent":0,"menu_order":0,"comment_status":"closed","ping_status":"closed","template":"","meta":{"footnotes":""},"_links":{"self":[{"href":"https:\/\/centro-eclin.com.ar\/index.php?rest_route=\/wp\/v2\/pages\/21"}],"collection":[{"href":"https:\/\/centro-eclin.com.ar\/index.php?rest_route=\/wp\/v2\/pages"}],"about":[{"href":"https:\/\/centro-eclin.com.ar\/index.php?rest_route=\/wp\/v2\/types\/page"}],"author":[{"embeddable":true,"href":"https:\/\/centro-eclin.com.ar\/index.php?rest_route=\/wp\/v2\/users\/1"}],"replies":[{"embeddable":true,"href":"https:\/\/centro-eclin.com.ar\/index.php?rest_route=%2Fwp%2Fv2%2Fcomments&post=21"}],"version-history":[{"count":3,"href":"https:\/\/centro-eclin.com.ar\/index.php?rest_route=\/wp\/v2\/pages\/21\/revisions"}],"predecessor-version":[{"id":526,"href":"https:\/\/centro-eclin.com.ar\/index.php?rest_route=\/wp\/v2\/pages\/21\/revisions\/526"}],"wp:featuredmedia":[{"embeddable":true,"href":"https:\/\/centro-eclin.com.ar\/index.php?rest_route=\/wp\/v2\/media\/264"}],"wp:attachment":[{"href":"https:\/\/centro-eclin.com.ar\/index.php?rest_route=%2Fwp%2Fv2%2Fmedia&parent=21"}],"curies":[{"name":"wp","href":"https:\/\/api.w.org\/{rel}","templated":true}]}}