{"id":133,"date":"2017-02-28T21:06:25","date_gmt":"2017-02-28T21:06:25","guid":{"rendered":"https:\/\/centro-eclin.com.ar\/?page_id=133"},"modified":"2021-06-28T13:51:47","modified_gmt":"2021-06-28T13:51:47","slug":"links-de-interes","status":"publish","type":"page","link":"https:\/\/centro-eclin.com.ar\/?page_id=133","title":{"rendered":"Links de inter\u00e9s"},"content":{"rendered":"<p><a href=\"https:\/\/www.argentina.gob.ar\/anmat\/regulados\/medicamentos\" target=\"_blank\" rel=\"noopener noreferrer\">Agencia Argentina ANMAT<\/a><\/p>\n<p><a href=\"http:\/\/www.tga.gov.au\/\" target=\"_blank\" rel=\"noopener noreferrer\">Agencia Australia TGA<\/a><\/p>\n<p><a href=\"http:\/\/www.anvisa.gov.br\/\" target=\"_blank\" rel=\"noopener noreferrer\">Agencia Brasil ANVISA<\/a><\/p>\n<p><a href=\"http:\/\/www.hc-sc.gc.ca\/\" target=\"_blank\" rel=\"noopener noreferrer\">Agencia Canad\u00e1 HC<\/a><\/p>\n<p><a href=\"http:\/\/www.ispch.cl\/noticia\/16514\" target=\"_blank\" rel=\"noopener noreferrer\">Agencia Chile ISP<\/a><\/p>\n<p><a href=\"https:\/\/www.invima.gov.co\/\" target=\"_blank\" rel=\"noopener noreferrer\">Agencia Colombia INVIMA<\/a><\/p>\n<p><a href=\"http:\/\/www.cecmed.cu\"><span class=\"TextRun Highlight SCXW67169605\" lang=\"ES-AR\" xml:lang=\"ES-AR\"><span class=\"NormalTextRun SCXW67169605\">Agencia Cuba CECMED<\/span><\/span><\/a><\/p>\n<p><a href=\"http:\/\/www.accessdata.fda.gov\/scripts\/cder\/dissolution\/\" target=\"_blank\" rel=\"noopener noreferrer\">Agencia EEUU FDA Dissn Meth<\/a><\/p>\n<p><a href=\"http:\/\/www.fda.gov\/Drugs\/DevelopmentApprovalProcess\/FormsSubmissionRequirements\/DrugMasterFilesDMFs\/default.htm#download\" target=\"_blank\" rel=\"noopener noreferrer\">Agencia EEUU FDA DMFs<\/a><\/p>\n<p><a href=\"https:\/\/www.accessdata.fda.gov\/scripts\/cder\/psg\/index.cfm\">Agencia EEUU FDA Gu\u00edas BE<\/a><\/p>\n<p><a href=\"http:\/\/www.accessdata.fda.gov\/scripts\/cder\/iig\/index.cfm\" target=\"_blank\" rel=\"noopener noreferrer\">Agencia EEUU FDA IPIs<\/a><\/p>\n<p><a href=\"http:\/\/www.accessdata.fda.gov\/scripts\/cder\/drugsatfda\/index.cfm?fuseaction=Reports.NewOriginalNDA\" target=\"_blank\" rel=\"noopener noreferrer\">Agencia EEUU FDA NDAs nuevos<\/a><\/p>\n<p><a href=\"http:\/\/www.emea.europa.eu\/\" target=\"_blank\" rel=\"noopener noreferrer\">Agencia Europea EMA<\/a><\/p>\n<p><a href=\"https:\/\/english.cbg-meb.nl\/\"><span class=\"TextRun SCXW107399629\" lang=\"ES-AR\" xml:lang=\"ES-AR\"><span class=\"NormalTextRun SCXW107399629\">Agencia Holanda MEB<\/span><\/span><\/a><\/p>\n<p><a href=\"http:\/\/www.pmrj.jp\/eng\/02\/jpf_contents.html\" target=\"_blank\" rel=\"noopener noreferrer\">Agencia Jap\u00f3n JP Forum<\/a><\/p>\n<p><a href=\"http:\/\/www.nihs.go.jp\/\" target=\"_blank\" rel=\"noopener noreferrer\">Agencia Jap\u00f3n NIHS<\/a><\/p>\n<p><a href=\"http:\/\/www.pmda.go.jp\/english\/index.html\" target=\"_blank\" rel=\"noopener noreferrer\">Agencia Jap\u00f3n PMDA<\/a><\/p>\n<p><a href=\"https:\/\/www.gob.mx\/cofepris\" target=\"_blank\" rel=\"noopener noreferrer\">Agencia M\u00e9xico COFEPRIS<\/a><\/p>\n<p><a href=\"http:\/\/www.medsafe.govt.nz\/\" target=\"_blank\" rel=\"noopener noreferrer\">Agencia Nva Zel MEDSAFE<\/a><\/p>\n<p><a href=\"http:\/\/www.digemid.minsa.gob.pe\/\" target=\"_blank\" rel=\"noopener noreferrer\">Agencia Per\u00fa Digemid<\/a><\/p>\n<p><a href=\"http:\/\/www.inhrr.gob.ve\/\" target=\"_blank\" rel=\"noopener noreferrer\">Agencia Venezuela INH<\/a><\/p>\n<p><a href=\"http:\/\/bvcenadim.digemid.minsa.gob.pe\/enlaces\/agencias-reguladoras-en-el-mundo\" target=\"_blank\" rel=\"noopener noreferrer\">Agencias en el mundo<\/a><\/p>\n<p><a href=\"http:\/\/portal.anvisa.gov.br\/documents\/33880\/4967127\/Biblioteca+de+Medicamentos_Portal.pdf\/cb54daef-517c-41c1-a6e2-fd10fe7cb544\" target=\"_blank\" rel=\"noopener noreferrer\">ANVISA-Normas<\/a><\/p>\n<p><a href=\"http:\/\/www.anlis.gov.ar\/\" target=\"_blank\" rel=\"noopener noreferrer\">Argentina ANLIS<\/a><\/p>\n<p><a href=\"http:\/\/www.jus.gov.ar\/datos-personales.aspx\/\" target=\"_blank\" rel=\"noopener noreferrer\">Argentina DNPDP<\/a><\/p>\n<p><a href=\"http:\/\/www.ffyb.uba.ar\/gxpsites\/hgxpp001.aspx?2\" target=\"_blank\" rel=\"noopener noreferrer\">Argentina Fac Farmacia y Bioq<\/a><\/p>\n<p><a href=\"http:\/\/www.infoleg.gob.ar\/\" target=\"_blank\" rel=\"noopener noreferrer\">Argentina Infoleg<\/a><\/p>\n<p><a href=\"http:\/\/www.jus.gov.ar\/\" target=\"_blank\" rel=\"noopener noreferrer\">Argentina Min Justicia<\/a><\/p>\n<p><a href=\"http:\/\/www.mincyt.gov.ar\/\" target=\"_blank\" rel=\"noopener noreferrer\">Argentina MinCyT<\/a><\/p>\n<p><a href=\"http:\/\/www.sedronar.gov.ar\/\" target=\"_blank\" rel=\"noopener noreferrer\">Argentina SEDRONAR<\/a><\/p>\n<p><a href=\"http:\/\/www.senasa.gov.ar\/\">Argentina SENASA<\/a><\/p>\n<p><a href=\"http:\/\/www.drugbank.ca\/\" target=\"_blank\" rel=\"noopener noreferrer\">Biblio Canad\u00e1 DrugBank<\/a><\/p>\n<p><a href=\"http:\/\/www.centerwatch.com\/\" target=\"_blank\" rel=\"noopener noreferrer\">Biblio CenterWatch<\/a><\/p>\n<p><a href=\"http:\/\/www.chemblink.com\/\" target=\"_blank\" rel=\"noopener noreferrer\">Biblio ChemBlink<\/a><\/p>\n<p><a href=\"http:\/\/www.drugs.com\/\" target=\"_blank\" rel=\"noopener noreferrer\">Biblio Drugs.com<\/a><\/p>\n<p><a href=\"http:\/\/dailymed.nlm.nih.gov\/dailymed\/about.cfm\" target=\"_blank\" rel=\"noopener noreferrer\">Biblio EEUU DailyMed<\/a><\/p>\n<p><a href=\"http:\/\/www.ncbi.nlm.nih.gov\/entrez\/query.fcgi\" target=\"_blank\" rel=\"noopener noreferrer\">Biblio EEUU PubMed<\/a><\/p>\n<p><a href=\"https:\/\/www.medscape.com\/\" target=\"_blank\" rel=\"noopener noreferrer\">Biblio Medscape<\/a><\/p>\n<p><a href=\"https:\/\/www.rxlist.com\/script\/main\/hp.asp\" target=\"_blank\" rel=\"noopener noreferrer\">Biblio RxList<\/a><\/p>\n<p><a href=\"http:\/\/www.wdl.org\/es\/\" target=\"_blank\" rel=\"noopener noreferrer\">Biblioteca Digital Mundial<\/a><\/p>\n<p><a href=\"https:\/\/www.aaps.org\/home\" target=\"_blank\" rel=\"noopener noreferrer\">EEUU AAPS<\/a><\/p>\n<p><a href=\"http:\/\/clinicaltrials.gov\/\" target=\"_blank\" rel=\"noopener noreferrer\">EEUU Clinical Trials<\/a><\/p>\n<p><a href=\"http:\/\/www.epa.gov\/espanol\/\" target=\"_blank\" rel=\"noopener noreferrer\">EEUU EPA<\/a><\/p>\n<p><a href=\"http:\/\/www.regulations.gov\/#!home\" target=\"_blank\" rel=\"noopener noreferrer\">EEUU Regulations<\/a><\/p>\n<p><a href=\"http:\/\/ndb.nal.usda.gov\/\" target=\"_blank\" rel=\"noopener noreferrer\">EEUU USDA Food composition<\/a><\/p>\n<p><a href=\"http:\/\/www.usp.org\/\" target=\"_blank\" rel=\"noopener noreferrer\">EEUU USP<\/a><\/p>\n<p><a href=\"http:\/\/ec.europa.eu\/\" target=\"_blank\" rel=\"noopener noreferrer\">Europa EC<\/a><\/p>\n<p><a href=\"https:\/\/www.edqm.eu\/en\" target=\"_blank\" rel=\"noopener noreferrer\">Europa EDQM<\/a><\/p>\n<p><a href=\"http:\/\/www.edqm.eu\/site\/Databases-10.html\" target=\"_blank\" rel=\"noopener noreferrer\">Europa Eur Council<\/a><\/p>\n<p><a href=\"http:\/\/www.ipec-europe.org\/\" target=\"_blank\" rel=\"noopener noreferrer\">Europa IPEC<\/a><\/p>\n<p><a href=\"http:\/\/www.ifpma.org\/\" target=\"_blank\" rel=\"noopener noreferrer\">Internacional \u00a0IFPMA<\/a><\/p>\n<p><a href=\"http:\/\/www.cioms.ch\/\" target=\"_blank\" rel=\"noopener noreferrer\">Internacional CIOMS<\/a><\/p>\n<p><a href=\"https:\/\/www.ich.org\/home.html\" target=\"_blank\" rel=\"noopener noreferrer\">Internacional ICH<\/a><\/p>\n<p><a href=\"http:\/\/www.incb.org\/incb\/index.html\" target=\"_blank\" rel=\"noopener noreferrer\">Internacional INCB Narc\u00f3ticos<\/a><\/p>\n<p><a href=\"http:\/\/www.inchem.org\/\" target=\"_blank\" rel=\"noopener noreferrer\">Internacional INCHEM<\/a><\/p>\n<p><a href=\"http:\/\/www.ipecamericas.org\/\" target=\"_blank\" rel=\"noopener noreferrer\">Internacional IPEC Americas<\/a><\/p>\n<p><a href=\"http:\/\/www.ingentaconnect.com\/content\/oecd\/1607310x\/2001\/00000001\/00000004\" target=\"_blank\" rel=\"noopener noreferrer\">Internacional OECD<\/a><\/p>\n<p><a href=\"http:\/\/www.picscheme.org\/\" target=\"_blank\" rel=\"noopener noreferrer\">Internacional PICS<\/a><\/p>\n<p><a href=\"http:\/\/www.aoac.org\/\" target=\"_blank\" rel=\"noopener noreferrer\">Internacional Standards AOAC<\/a><\/p>\n<p><a href=\"http:\/\/www.astm.org\/\" target=\"_blank\" rel=\"noopener noreferrer\">Internacional Standards ASTM<\/a><\/p>\n<p><a href=\"http:\/\/www.iso.org\/iso\/home.html\" target=\"_blank\" rel=\"noopener noreferrer\">Internacional Standards ISO<\/a><\/p>\n<p><a href=\"http:\/\/www.prvademecum.com.ar\/\" target=\"_blank\" rel=\"noopener noreferrer\">PR Vademecum Argentina<\/a><\/p>\n<p><a href=\"http:\/\/www.sciencedirect.com\/\" target=\"_blank\" rel=\"noopener noreferrer\">Proveedor Biblio ScienceDirect<\/a><\/p>\n<p><a href=\"http:\/\/www.registrarcorp.com\/fda-drugs\/?lang=en&amp;s_kwcid=TC|9243|f.d.a%20drug||S|b|9569778180&amp;gclid=CPKMqdGv6bkCFcbm7AodiHAAGQ\" target=\"_blank\" rel=\"noopener noreferrer\">Proveedor de FDA regulations<\/a><\/p>\n<p><a href=\"http:\/\/www.excelconsulting.com.ar\/\" target=\"_blank\" rel=\"noopener noreferrer\">Proveedor Excel<\/a><\/p>\n<p><a href=\"http:\/\/www.danielsoper.com\/statcalc\/default.aspx\" target=\"_blank\" rel=\"noopener noreferrer\">Proveedor Free Statistics Calculators<\/a><\/p>\n<p><a href=\"http:\/\/www.graphpad.com\/\" target=\"_blank\" rel=\"noopener noreferrer\">Proveedor GraphPad<\/a><\/p>\n<p><a href=\"http:\/\/www.chemicalregister.com\/Ergotamine_Tartrate\/Suppliers\/pid5892.htm\" target=\"_blank\" rel=\"noopener noreferrer\">Proveedor IFAs Chem Reg<\/a><\/p>\n<p><a href=\"http:\/\/www.msds.com\/\" target=\"_blank\" rel=\"noopener noreferrer\">Proveedor MSDS<\/a><\/p>\n<p><a href=\"http:\/\/www.spartasystems.com\/trackwise\/\" target=\"_blank\" rel=\"noopener noreferrer\">Proveedor Sparta Systems TrackWise<\/a><\/p>\n<p><a href=\"http:\/\/bebac.at\/Guidelines.htm\" target=\"_blank\" rel=\"noopener noreferrer\">Proveedor Stat y Biblio Helmut Schuz<\/a><\/p>\n<p><a href=\"http:\/\/www.rsc.org\/merck-index\" target=\"_blank\" rel=\"noopener noreferrer\">Proveedor The Merck Index<\/a><\/p>\n<p><a href=\"http:\/\/www.rae.es\/\" target=\"_blank\" rel=\"noopener noreferrer\">Real Academia Espa\u00f1ola<\/a><\/p>\n<p><a href=\"http:\/\/translate.google.com\/translate_t?hl=es#\" target=\"_blank\" rel=\"noopener noreferrer\">Traductor Google<\/a><\/p>\n<p><a href=\"http:\/\/www.merriam-webster.com\/\" target=\"_blank\" rel=\"noopener noreferrer\">Traductor Merriam-Webster<\/a><\/p>\n<p><a href=\"http:\/\/www.whocc.no\/atc_ddd_index\/\" target=\"_blank\" rel=\"noopener noreferrer\">WHO CC ATC<\/a><\/p>\n<p><a href=\"http:\/\/www.who.int\/en\/\" target=\"_blank\" rel=\"noopener noreferrer\">WHO<\/a><\/p>\n","protected":false},"excerpt":{"rendered":"<p>Agencia Argentina ANMAT Agencia Australia TGA Agencia Brasil ANVISA Agencia Canad\u00e1 HC Agencia Chile ISP Agencia Colombia INVIMA Agencia Cuba CECMED Agencia EEUU FDA Dissn Meth Agencia EEUU FDA DMFs Agencia EEUU FDA Gu\u00edas BE Agencia EEUU FDA IPIs Agencia EEUU FDA NDAs nuevos Agencia Europea EMA Agencia Holanda MEB Agencia Jap\u00f3n JP Forum Agencia Jap\u00f3n NIHS Agencia Jap\u00f3n PMDA Agencia M\u00e9xico COFEPRIS Agencia Nva [&hellip;]<\/p>\n","protected":false},"author":1,"featured_media":160,"parent":0,"menu_order":0,"comment_status":"closed","ping_status":"closed","template":"","meta":{"footnotes":""},"_links":{"self":[{"href":"https:\/\/centro-eclin.com.ar\/index.php?rest_route=\/wp\/v2\/pages\/133"}],"collection":[{"href":"https:\/\/centro-eclin.com.ar\/index.php?rest_route=\/wp\/v2\/pages"}],"about":[{"href":"https:\/\/centro-eclin.com.ar\/index.php?rest_route=\/wp\/v2\/types\/page"}],"author":[{"embeddable":true,"href":"https:\/\/centro-eclin.com.ar\/index.php?rest_route=\/wp\/v2\/users\/1"}],"replies":[{"embeddable":true,"href":"https:\/\/centro-eclin.com.ar\/index.php?rest_route=%2Fwp%2Fv2%2Fcomments&post=133"}],"version-history":[{"count":13,"href":"https:\/\/centro-eclin.com.ar\/index.php?rest_route=\/wp\/v2\/pages\/133\/revisions"}],"predecessor-version":[{"id":546,"href":"https:\/\/centro-eclin.com.ar\/index.php?rest_route=\/wp\/v2\/pages\/133\/revisions\/546"}],"wp:featuredmedia":[{"embeddable":true,"href":"https:\/\/centro-eclin.com.ar\/index.php?rest_route=\/wp\/v2\/media\/160"}],"wp:attachment":[{"href":"https:\/\/centro-eclin.com.ar\/index.php?rest_route=%2Fwp%2Fv2%2Fmedia&parent=133"}],"curies":[{"name":"wp","href":"https:\/\/api.w.org\/{rel}","templated":true}]}}